+ 7*t + 3*x - 402. Calculate the remainder when t is divided by 45.
42
Let g(s) = 2*s**2 + s + 8. Suppose -t - 4*u + 26 = 0, 4*u + 1 - 3 = 3*t. What is the remainder when 342 is divided by g(t)?
84
Suppose 2*y = k - 42 + 3, -5*y = -10. Let p = -513 - -551. Let v = k - p. Calculate the remainder when 11 is divided by v.
1
Suppose 167*o + 163*o - 120*o - 570990 = 0. Calculate the remainder when o is divided by 902.
13
Calculate the remainder when (-45)/(-60)*(-73144)/(-6) is divided by 36.
35
Let l = -9969 + 10839. Calculate the remainder when l is divided by 290.
0
Suppose -p = 5*w - 19 - 25, 0 = 4*w + 5*p - 31. Let d(h) = -h**3 + 7*h**2 + 37*h + 1. What is the remainder when d(w) is divided by 46?
34
Let k(t) = -3*t**3 + t + 4. Let d(b) = 2*b**2 - 43*b + 222. Calculate the remainder when k(-3) is divided by d(14).
10
Calculate the remainder when ((-6)/(-4))/((-9)/(-54) - (-816)/(-5004)) is divided by 140.
137
Suppose -198 = 26*r - 28*r. What is the remainder when r is divided by (3 - -6) + 17 + -1?
24
Suppose 4*q = 20, 8*n - 5*q = 3*n - 10. Suppose -5*d + 2*d = -n*a + 261, 5*d + 20 = 0. What is the remainder when 329 is divided by a?
80
What is the remainder when 4*((-170)/935 + 9497/22) is divided by 472?
310
Let c be (8 - 10)*55 + 4. Let w = c + 179. Calculate the remainder when w is divided by 15.
13
Suppose -5*g = 4*c - 130 - 196, -166 = -2*c - 2*g. What is the remainder when c is divided by 9?
8
Suppose 0 = 67*u + 500 - 1371. What is the remainder when 127 is divided by u?
10
Suppose k - 608 = 4*q, -q - 73 = 3*k + 92. Let y = q + 172. What is the remainder when y is divided by 11?
8
Let h = -14 - -7. Let w(l) = l**3 + 9*l**2 - 5*l - 16. Calculate the remainder when w(h) is divided by 10.
7
Let a(w) = w**2 - 14*w + 39. Let c = 243 - 49. Suppose -c = 8*z - 666. What is the remainder when z is divided by a(12)?
14
Suppose -6*v = -23*v + 357. What is the remainder when (-32)/(-20)*(4 - v/(-6)) is divided by 11?
1
Suppose -572 = 17*p - 674. Let w = 104 + -53. What is the remainder when w is divided by p?
3
Suppose -19 = -2*o - 21. Let q = 23 + 4. Calculate the remainder when q is divided by o/((-10)/(-28))*-5.
13
Suppose 31*y - 48 = 14. Suppose 0 = -y*c + 7*c - a - 118, 2*c - 44 = 2*a. Let k(j) = -j + 166. What is the remainder when k(0) is divided by c?
22
Let k = -1454 + 2045. What is the remainder when k is divided by (11 + -1)*(-7 + (-559)/(-65))?
15
Suppose 9*g - 974 + 146 = 0. Calculate the remainder when (26/(-6) + 4)*g*-3 is divided by 25.
17
Let y be ((-7)/14)/(2/(-12)). Suppose m + y = 29. What is the remainder when 43 is divided by m?
17
Let d(u) = -u**2 + 18*u - 60. Let c be d(3). Calculate the remainder when 935 is divided by (-18)/c + (-2233)/(-35) - -2.
64
Let x = -13 - -34. Calculate the remainder when (0 + 156/(-14))/(96/(-672)) is divided by x.
15
Calculate the remainder when 204 is divided by 29/(464/(-72))*(-2 + 20/(-18)).
8
Let z be (-7)/(-70) + (-5795)/(-50). Suppose 5*g = -o + 325, -5*g + 3*o = -433 + 88. Suppose 7*j = g + z. Calculate the remainder when 76 is divided by j.
24
Let g(u) = u**2 + 15*u + 31. Let d(t) = 7*t - 55. Let n be d(6). Suppose 0 = -5*b + 57 + 58. What is the remainder when b is divided by g(n)?
3
Suppose 8*h = 6 + 10. Let x be 1 - ((-18)/2 + (h - 1)). Suppose -3*r + 30 = 5*q, 0 = r + 3*q - x - 1. Calculate the remainder when 29 is divided by r.
9
Let s = 14 - 26. Let j be 2/(-3) + 5*s/18. Calculate the remainder when 1504/30 + 2 - j/(-30) is divided by 27.
25
Let j(h) = 2*h**2 + 2*h + 2*h - h + 5 - h**2. Let m be j(-2). Suppose m*b = 12, -l + b - 2*b = -49. Calculate the remainder when l is divided by 16.
13
Let f(w) = -2*w + 18. Let h be f(7). Suppose 4*g - 32 = -h*n, n - 3*n + 4 = -2*g. Calculate the remainder when 18 is divided by g.
0
Suppose 0 = i - 0*i + 5*h + 40, h = 0. Let s = -40 - i. Suppose s = -g - 33 + 47. What is the remainder when 35 is divided by g?
7
Suppose w - 5*h - 48 = 2, -65 = -w + 2*h. Calculate the remainder when 131 is divided by w.
56
Suppose -2*z = -3*c + 1251, -c - 3*z = -68 - 349. Calculate the remainder when c is divided by (-5 - -4) + 1272/12.
102
Suppose 2024*r - 2011*r = 598. Calculate the remainder when 765 is divided by r.
29
Let f = 270 + -270. Suppose -i - p + 19 = 0, -3*i = -f*i + p - 55. What is the remainder when 84 is divided by i?
12
Suppose -2880 = 22*p - 310*p. Calculate the remainder when 3067 is divided by p.
7
Let q = 17 + 59. Let p(u) = -275*u + 237*u - 2*u**2 - u**2 - 29. Calculate the remainder when q is divided by p(-11).
24
Suppose 7*t = 14*t + 19*t - 9256. What is the remainder when t is divided by 109?
29
Let m = 168 + -29. Let t = m - 127. What is the remainder when 263 is divided by t?
11
Suppose -4*r = -2*r. Let y be (-1 + r)/((-5)/15). Suppose 8*v - y*v - 65 = 0. What is the remainder when 24 is divided by v?
11
Let g(i) = -i**3 - 3*i**2 - 7*i - 10. Let p be g(-2). Suppose p = -3*l - 3*c + 285, 0 = 5*c + 6 + 9. What is the remainder when l is divided by 11?
10
Suppose -9*q + 6*q = 0. Suppose q*l - 28 = -l. Let r = -20 + l. Calculate the remainder when r is divided by 7.
1
What is the remainder when 2 + 1 + (3 - 6) + -5 - -353 is divided by 115?
3
Suppose -3829 = -194*k + 1991. Let x(r) = 56*r + 2. Let m be x(4). Suppose 0*t + 2*t = a + m, 5*a - 313 = -3*t. Calculate the remainder when t is divided by k.
21
Suppose 4*l - 3*x = 1470, 0 = l + 4*x - 80 - 259. What is the remainder when l is divided by 171?
21
Let a(o) = 8*o**2 + 80*o + 340. What is the remainder when 1178 is divided by a(-4)?
142
Suppose -2*x = -3904 + 1460. Suppose 2*u - x = -4*h, -4*h + 30 = -2*u + 1236. Calculate the remainder when u is divided by 21.
19
Suppose -b - 2*h = 3*h - 12, b - 8 = -3*h. Suppose u - 20 = -b*g - 3*g, 25 = -5*u. Calculate the remainder when 97 is divided by g.
2
What is the remainder when 584 is divided by 1132/(-6)*((-4)/6 - (-10)/(-12))?
18
Let y = 6960 - 6798. What is the remainder when 344 is divided by y?
20
Let i(b) = -b**2 + 10*b - 8. Calculate the remainder when (1 + 57)/((-48)/(-28) - (-2)/7) is divided by i(6).
13
Let u = -11 - -6. Let h(d) = -d**3 - 38*d**2 - 37*d + 64. What is the remainder when h(-37) is divided by (-2)/(-3 - u)*-11?
9
Let c(w) = -15*w + 1260. Calculate the remainder when 29 is divided by c(83).
14
Let c(i) = -i**3 - 6*i**2 - 2*i + 7. Calculate the remainder when 1/2*6*((-3266)/(-69) + -11) is divided by c(-6).
14
Let h(r) = 5*r**2 + 28*r - 1. Suppose 46 = -4*w + 14. What is the remainder when h(w) is divided by 16?
15
Suppose -937*w + 936*w - 3*d + 16 = 0, 0 = 5*w + d - 80. What is the remainder when 3211 is divided by w?
11
Let b(x) = 5*x**3 - 328*x**2 - 84*x + 191. What is the remainder when b(66) is divided by 304?
15
Let k(b) = b**3 + 57*b**2 + 55*b + 60. Calculate the remainder when 2343 is divided by k(-56).
23
Suppose -3*x + x = -46. Let d(w) = -32*w - 148. Let g be d(-5). What is the remainder when 3/g + 9994/152 is divided by x?
20
Suppose 2*s = -2*i + 5*i - 6, 0 = -5*i + 5*s + 15. Let t(w) = 9*w + 70. What is the remainder when 208 is divided by t(i)?
68
Let g = -4 + 22. Let b be 9*(-132)/g + 4/2. Let t = b - -117. Calculate the remainder when t is divided by 14.
11
Let p = -1123 + 1371. Let z = 81 - 49. Calculate the remainder when p is divided by z.
24
Suppose -3*p + 352 = -2*s, -287 - 114 = -3*p - 5*s. What is the remainder when 396 is divided by p?
30
Suppose -2*n = -6*n + 8. Suppose 4*d + 5 = x, 4 = n*x + 5*d + 7. What is the remainder when (110 + 7)*x/3 + -3 is divided by 13?
10
Let m(g) = 50*g - 124. Let c be m(4). Let j = -68 + -4. Let o = j + c. Calculate the remainder when 14 is divided by o.
2
Let v(j) = j**3 - 9*j**2 + 11*j - 17. Let f be 20/(-1 - -5) - (-7 - -4). What is the remainder when 11 is divided by v(f)?
4
Let f(g) = 55*g + 817. What is the remainder when 227 is divided by f(-14)?
39
Suppose 3*g + q = -4*q + 54, 0 = -g - 3*q + 18. Calculate the remainder when 64 is divided by g.
10
Let x(t) = 23*t**2 + 1856*t + 40. What is the remainder when x(-81) is divided by 5?
2
Let m = -1811 + 1980. Calculate the remainder when m is divided by 72.
25
Suppose 19*c - 24*c + 340 = 0. Let s = c + -9. Let z = 180 - 160. What is the remainder when s is divided by z?
19
Suppose -188*q + 4*k = -193*q + 102